u**4 + 0*u + 0 - 10*u**2 + 5/12*u**5 - 1/6*u**3. What is the units digit of z(1)?
4
Let t be 12/(-28)*(-3 - 4). Suppose -753 = -5*i + t*b, 5*b + 8 - 640 = -4*i. What is the hundreds digit of i?
1
Suppose -5229 = -16*p - 5*p. What is the hundreds digit of p?
2
Let l(u) = -95*u + 3. Let n be l(-2). Let k = -103 + n. What is the units digit of k?
0
Let t = -3 + 31. Suppose 0 = y + 4*y - 95. Let u = t - y. What is the units digit of u?
9
Let a(s) = -9*s**3 + s**2 + 19*s + 17. What is the thousands digit of a(-5)?
1
Let h(p) be the first derivative of -p**3/3 - 7*p**2/2 + 10*p - 5. Let f be h(-8). Suppose 0 = f*v + 2*v - 80. What is the units digit of v?
0
Suppose 6*b = 2047 - 373. Suppose -2*s = -3*j + 188, -5*s + 51 = 5*j - b. What is the tens digit of j?
6
Let a(h) = 0*h**2 - 11*h + h**2 + 4*h + 3*h. Let c be a(5). Suppose 7*i - 20 = 2*i + 5*w, c*w = -5*i + 60. What is the units digit of i?
8
Let i(l) = -2*l**3 + 27*l**2 - 17*l + 23. Let d = 132 + -120. What is the tens digit of i(d)?
5
Let h(f) = -5*f**2 - 2618*f**3 + 9*f + 2619*f**3 + 0*f**2 - 22. What is the units digit of h(5)?
3
Let c(n) = 14*n**2 - 91*n + 11. What is the tens digit of c(9)?
2
Let h(n) be the third derivative of 0*n - 1/6*n**4 + 1/10*n**5 - 2*n**2 + 2/3*n**3 - 1/120*n**6 + 0. What is the units digit of h(5)?
9
Let f(t) = 9*t**2 + 14*t + 4. What is the units digit of f(-4)?
2
Let d(w) = -4*w + 4. Let c be d(3). Let g = c - -11. What is the units digit of g*5 - (5 + -8)?
8
Suppose 0 = 5*f - 11*f + 3654. What is the hundreds digit of f?
6
Suppose 13 + 23 = -6*r. What is the units digit of ((-4)/12)/(r/2286)?
7
Let n(t) = 72*t + 560. What is the tens digit of n(-4)?
7
Suppose -r - 4 + 2 = 0. Let b be r/6 - (-3)/9. Suppose 72 = 4*t + t - i, b = -t - 4*i + 27. What is the tens digit of t?
1
Suppose 7*g + 406 = 1897. What is the hundreds digit of g?
2
Let d = -220 + 728. What is the units digit of d?
8
Suppose 4*i - 2*i - 4 = 0. Let m be (-3 + 6 - i) + 1. What is the tens digit of 23/(2 + m - 3)?
2
Suppose 0*w + 3*w + 2*p = 96, 5*w - 160 = 5*p. Let m = w + -16. Let d = 7 + m. What is the units digit of d?
3
What is the hundreds digit of (-10404)/(-16) + (-3)/12?
6
Let c = 100 - 155. Let b = c - -96. What is the units digit of b?
1
Let p(z) = 2*z - 6. Let m be p(6). Let a = m - 4. What is the units digit of (4 - a)/((-10)/(-25))?
5
Let g(c) = 2*c**2 + c - 3. Let m be g(-3). Suppose -44*q = -34 - 54. Suppose -4*s - q*w + 78 = 0, -2*s - m = 2*w - 46. What is the tens digit of s?
2
Let q(s) = -s**3 - 13*s**2 + 43*s - 25. What is the units digit of q(-17)?
0
Let n(p) = p**2 - p - 72. Let t be n(0). Let g = 117 + t. Suppose 0 = -2*z + g - 9. What is the units digit of z?
8
Suppose -7*k = -11*k - 276. Let d = 96 + k. What is the tens digit of d?
2
Let v = 503 - -818. What is the units digit of v?
1
Let k(t) = 61*t**2 + 20*t + 167. What is the hundreds digit of k(-6)?
2
Let a = -56 + 58. Suppose -a*b - 3*u = -0*b - 221, u = 2*b - 209. What is the units digit of b?
6
Suppose d + 3*d = 5*r - 101, r = 5*d + 16. Let a = 150 - r. What is the tens digit of a?
2
Let x be (-10)/(-5) + -1 - -3. Suppose x*k = 5*k - 25. What is the units digit of k?
5
Let y = -11 + 7. Let t be (y/6)/(-2)*0. Let q = t - -14. What is the units digit of q?
4
Let j(r) = -110*r - 354. What is the hundreds digit of j(-34)?
3
Suppose 4*p - 2319 = -3*m, 0 = -2*m + 4*m + 4*p - 1542. What is the tens digit of m?
7
Let j(m) = 12*m + 36*m + 0*m - 5*m + m + 2. Suppose 0 = -2*t - 2 + 4. What is the tens digit of j(t)?
4
Let z(c) = -4*c + 337. What is the hundreds digit of z(-8)?
3
Let m(t) = -54*t - 104. What is the tens digit of m(-7)?
7
What is the units digit of 1771 + 7*(-22)/77?
9
Suppose 2*r - 165 = y - 795, 2*y - 1261 = 5*r. What is the tens digit of y?
2
Let j(p) = -2 + 45*p + 3 - 44*p + 84*p**2. What is the tens digit of j(1)?
8
Suppose 2*z - 176 = z. Suppose 0*q + 4*q - 378 = -5*g, -4*g - z = -2*q. Suppose b + j = 38, -59 = -4*b - 5*j + q. What is the tens digit of b?
3
Suppose 218*s - 200*s - 34956 = 0. What is the thousands digit of s?
1
Suppose -2*w - 48 + 56 = 0. Suppose 229 = 4*d - 5*z + 38, -w*d - 3*z = -199. What is the tens digit of d?
4
Let l(i) = -12*i**2 + 286*i + 42. What is the thousands digit of l(19)?
1
Suppose 7*s = 3*s + 3*y + 31, -y = 5*s - 15. Suppose -s*h = 3*x - 388, 0 = -5*x + x. What is the units digit of h?
7
Let m(b) = -3*b**2 + 196*b + 102. What is the tens digit of m(29)?
6
Let b = 2008 + -1295. What is the tens digit of b?
1
What is the hundreds digit of -1 + 4 + 55/(-11) + 335?
3
Suppose -5*i + 95 = -3*q, 4*i + q = 27 + 66. What is the tens digit of i?
2
Let d = 0 - 0. Let j be (-6)/9 - (-394)/6. Suppose t = v + 13, 5*t + 4*v + d*v - j = 0. What is the tens digit of t?
1
Let a = 305 - 148. Suppose a - 1 = 2*m. What is the tens digit of m?
7
Let t(c) = 6*c - 1. Let g be t(1). Suppose -5*p = -41 - 14. Let z = p - g. What is the units digit of z?
6
Suppose -117*m + 124*m - 15960 = 0. What is the thousands digit of m?
2
What is the tens digit of 33064/18 - (-2)/18?
3
Suppose -6*z = 2*z + 2*z. Suppose -y + 35 = -5*f, 4*y + z*y = -4*f + 140. What is the tens digit of y?
3
Let j(k) = -k**3 - k**2 + k + 1. Let f(l) = -7*l**3 - 11*l**2 + 10*l + 1. Let u(x) = -f(x) + 6*j(x). What is the tens digit of u(-5)?
2
Suppose 5*b - 152 = -2*w + 190, 5*b - w - 339 = 0. What is the units digit of b?
8
Let k(o) = -o**2 + 70*o + 9. What is the tens digit of k(7)?
5
Suppose -3*n = 4*w + 13, 4*w + n + 0 = -7. Let v(q) = -3*q**3 + q**2 - 1. What is the units digit of v(w)?
3
Let x(h) = 0*h - h - h**3 - h + 6*h**2 + 7 - 2*h**2. Let v be x(5). Let c = 45 + v. What is the units digit of c?
7
Let c be (-105)/12 + 3/(-12). What is the units digit of (1/(-2))/(c/234)?
3
Let c(f) be the first derivative of -f**4/4 - 5*f**3/3 + 5*f**2/2 - 6*f + 3. Let p be c(-6). Suppose -6*i + 113 + 73 = p. What is the tens digit of i?
3
Suppose 2*k + 4*f - 1814 = 0, k - 2*f - 599 - 324 = 0. What is the tens digit of k?
1
Suppose -4*a - 15 = -2707. What is the tens digit of a?
7
Suppose -22 = -2*b - 2*x, -2*b + x + 5 = -2. Let n = -9 + b. What is the tens digit of (-46)/(n + (2 - 0))?
4
Let b = 221 + 583. What is the tens digit of b?
0
Let m(a) = -a**2 - 5*a + 11. Let h be m(-6). Suppose h*t + 15 = 0, 0 = x + 3*t - 4*t - 6. What is the units digit of x?
3
Let i = 109 + -281. Let k = 246 + i. Suppose 0*o = 2*o + a - k, 5*o - 155 = 5*a. What is the units digit of o?
5
Let t be 8/4*6/4. What is the tens digit of 223/4 + t/12?
5
Suppose -m - m - 3 = -3*v, -5*m = 5*v - 30. Suppose -2*a - 2*w - m*w = 11, w + 10 = -a. What is the units digit of (-7 - a)*(-26)/(-6)?
6
Suppose 0 = 4*d + 22 + 86. Let k(o) = -o**3 - 7*o**2 + 7*o - 6. Let g be k(-7). Let j = d - g. What is the tens digit of j?
2
Suppose -2*j + 2085 = -5*o, 2*j - o - 2083 = 2*o. What is the thousands digit of j?
1
Suppose -n - 2 + 0 = 0. Let j = 5 + n. Suppose 4*r - q - 74 - 85 = 0, -3*r - j*q + 123 = 0. What is the tens digit of r?
4
Suppose -617*j - 414 = -618*j. What is the units digit of j?
4
Let o = 76 + -19. What is the tens digit of o?
5
Let h be ((-5)/(-10) - 0) + 15/2. Suppose -h*i + 760 = -64. What is the units digit of i?
3
Let f = 127 - 247. Let v = -53 - f. What is the tens digit of v?
6
Let w = -346 + 79. Let u = w - -548. What is the tens digit of u?
8
Let l(g) = -6*g + g**2 - 3*g - 18 + 3*g. What is the tens digit of l(-7)?
7
Let v(b) = -192*b + 210. What is the hundreds digit of v(-10)?
1
Let h(g) = -g**3 - 18*g**2 + 6*g - 7. Let m be h(-19). Let f = m - 135. What is the units digit of f?
5
Suppose -15*r + 32 = 2. Suppose -5*m - 580 = -3*n, -r*n - 3*m = -3*n + 200. What is the hundreds digit of n?
1
Let u = -9 + 341. Let f = -138 + u. What is the tens digit of f?
9
Let f(u) = -6 + 11*u + 24*u - 56*u. What is the units digit of f(-5)?
9
Let m be ((-24)/(-5))/((-13)/(-65)). Suppose m = -6*c + 228. Suppose -c = -d - 7. What is the tens digit of d?
2
What is the hundreds digit of 5/((-15)/(-341)) + (-2)/(-6)?
1
Let y(b) = -20*b**2 + 3*b - 2. Let n be y(2). Let s be -1 + 111 + 2 + -3. Let u = n + s. What is the units digit of u?
3
Suppose 1 = 3*h - 2*n - 1, 4*h = -4*n + 16. Suppose -2*o = -5*s + 3*o + 165, 3*s + h*o = 84. What is the units digit of s?
0
Let m(v) = -7*v*